.
16
Let l(v) = -6*v + 2. Let s be l(-1). Suppose -s*h + 10*h - 26 = 0. Calculate the greatest common divisor of h and 13.
13
Let x(d) = -d**3 + 2*d**2 + 7*d + 18. Let m be x(0). What is the greatest common factor of m and 3420?
18
Let n = -132 + 287. Suppose -9*v + 223 = -n. What is the highest common factor of 105 and v?
21
Let d be (-1254)/(-3)*1*7/14. What is the greatest common factor of d and 11?
11
Let r(j) = 100*j**3 + j**2 + j - 1. Let n be r(1). Let g = n + 7. Let b(m) = m + 12. Let a be b(0). Calculate the highest common factor of a and g.
12
Suppose -2*l - 3*l = 3*l. Suppose l*t - 3*t = -21. What is the greatest common factor of t and 7?
7
Let n be 70/4 - 4/8. Let k(c) = -34*c - 34. Let q be k(-5). Calculate the highest common divisor of q and n.
17
Let h(c) = -3*c + 3. Let t be h(-2). Suppose -t*k + 6*k = -15. Suppose -k*r - 16 + 51 = 0. What is the highest common divisor of r and 63?
7
Let t be 384/(-10)*10*4/(-12). Calculate the greatest common factor of 8 and t.
8
Let k(s) = 2*s**3 - 5*s**2 + 3*s + 2. Let z be k(2). Calculate the highest common divisor of 52 and z.
4
Suppose 4*l = -2*o + 510, 3*l - 16*o + 19*o - 390 = 0. What is the highest common factor of 75 and l?
25
Suppose -6*d = -5*d - 3. Suppose -d*f + 54 = k, 3*f + 4*k - 4 = 50. Suppose 6 = u - 5*x, 3*u + 2*x = x + f. Calculate the greatest common factor of 3 and u.
3
Let y(x) = x**2 + 50*x + 200. Let r be y(-4). Calculate the greatest common factor of 14 and r.
2
Let r be (-1)/2*(-33 + 1). Suppose 4*w - 4*s - 603 = -43, 2*w - 268 = 5*s. Calculate the highest common divisor of w and r.
16
Suppose -10*v - 100 = -15*v. Calculate the highest common divisor of v and 160.
20
Let o be (-573)/(-15) - 180/(-100). Let f = -1 + -2. Let q be ((-30)/4)/f*2. What is the highest common factor of o and q?
5
Let o = -129 + 639. Calculate the highest common factor of o and 102.
102
Let u(t) = 19*t**2 - 26*t + 7. Let w be u(4). What is the highest common factor of w and 18?
9
Suppose 0 = 8*q - 32 + 16. Suppose -3*s + 3*m = -9, q*m = -2*s + m + 12. Calculate the highest common factor of 5 and s.
5
Suppose 68 + 244 = 52*i. Let s = -3 - -4. Let m be -3 + 0 + s - -68. What is the highest common divisor of i and m?
6
Suppose 5*q = -4*g + 40, 0 = -2*q + 5*g - 2 - 15. Suppose q*h + 3 = -1. Let x be (h - 1)*5/(-2). Calculate the highest common divisor of 40 and x.
5
Let f(h) = -h**3 + 6*h**2 - 3*h + 4. Let l be f(6). Let g = -50 + 33. Let n = l - g. Calculate the greatest common divisor of n and 15.
3
Let h(x) = -4*x + 380. Let b be h(-17). Calculate the greatest common factor of 320 and b.
64
Suppose -9*a + 151 = -128. What is the highest common factor of a and 496?
31
Suppose -7905 = -33*j - 744. Calculate the highest common factor of j and 7.
7
Suppose 5*k = 0, -5*d = -k - 19 - 1. Suppose z + 46 = d*s - z, -2*s = -3*z - 29. Calculate the highest common factor of 40 and s.
10
Suppose -5*w = 3*l - 7, -5*w + 6 = 12*l - 8*l. What is the highest common divisor of 1 and w?
1
Let i be (-24*7/2)/((-54)/567). What is the highest common factor of 196 and i?
98
Suppose -8*r - 13*r + 12600 = 0. What is the greatest common divisor of r and 48?
24
Let x = -2 - -22. Let j be 375/30*(-352)/(-20). What is the highest common divisor of j and x?
20
Let q = -39 + -20. Let k = -14 - q. What is the highest common factor of 5 and k?
5
Suppose j - 3*u + 27 = -20, -u = 3. Let c = -46 - j. Calculate the highest common factor of 5 and c.
5
Let l = 213 - 190. What is the highest common factor of 437 and l?
23
Suppose -5*p = 115 - 290. Calculate the highest common factor of p and 77.
7
Let b = -248 + 412. What is the greatest common divisor of b and 41?
41
Suppose 3085*c - 3080*c = 770. Let t = -3 - -17. Calculate the highest common divisor of c and t.
14
Let k(a) = 3*a**2 + 55*a + 114. Let t be k(-2). What is the greatest common divisor of t and 368?
16
Suppose -5*x - 18 = 2. Let g be x/(((-6)/(-20))/(-3)). Let c(b) = 8*b + 18. Let f be c(-1). What is the highest common divisor of f and g?
10
Let o be -6 + 5*204/60. Let q be -2*1/(-2) + 161. Let b = q + -74. What is the greatest common divisor of o and b?
11
Let n(j) = 2*j + 429. Let v be n(0). Let b be v/22*(-4)/3. Let s = 2 - b. What is the greatest common factor of 14 and s?
14
Let o = 25 + -50. Let x be 17 + 0*5/o. Calculate the highest common factor of x and 51.
17
Suppose 12*n = 7200 - 2016. Calculate the highest common divisor of n and 192.
48
Let j(u) = -u**2 + 13 + 5*u**2 - 3*u - 21 + 11. Let w be j(-3). Calculate the greatest common factor of 12 and w.
12
Suppose -81 = -3*c + 240. Suppose 2*s - j = -2*s + c, -j - 23 = -s. Calculate the highest common factor of 14 and s.
14
Suppose 2*s = 8, 2*y - 2*s = 3*y - 11. Let w be 18/(-5) + y - (-146)/10. Let o be 113 - ((-1 - 0) + 2). Calculate the highest common divisor of w and o.
14
Let l be (-6)/(-9) - (-260)/6. Let i be 1/(-3) + (-532)/(-12). Let u = -22 + i. What is the highest common divisor of l and u?
22
Let m be 0 + 4 - 0/(-3). Suppose -i = -m*i + 15. Suppose -4*t + 117 = -0*t - y, -i*y + 15 = 0. Calculate the highest common divisor of 75 and t.
15
Let m(q) = -2*q**3 - q**2 + 2*q + 7. Let w be m(0). Let v(h) = -3*h + 0*h + 7 - 4 + 20*h**2. Let d be v(2). What is the greatest common factor of d and w?
7
Let a(d) = 10*d + 9. Let k be a(3). Calculate the greatest common factor of k and 65.
13
Suppose -2*g = -4*f + 4, 7*g = -f + 5*g + 6. What is the greatest common divisor of f and 94?
2
Let v = 331 - 188. Suppose 0 = 3*z + 3*n - 51, z + 3 - 4 = 3*n. Calculate the greatest common factor of v and z.
13
Let l(y) = -136*y + 2. Let b be l(1). Let n = -77 - b. What is the greatest common divisor of 38 and n?
19
Let h be ((-1)/((-4)/3))/(6/8). Suppose o = -5 - 1. Let n = -3 - o. Calculate the highest common factor of h and n.
1
Let l be (0 + -1*1)*-22. Suppose 0 = 3*a - 5*y - 48, -4*a - 2 = -3*y - 66. Let x(p) = 2*p + 23. Let m be x(a). What is the highest common divisor of l and m?
11
Let j = 171 - -29. Calculate the highest common factor of j and 8.
8
Let j be 1 + (-5 - -146) + 2. What is the greatest common divisor of j and 40?
8
Let w(s) = 5*s - 50. Let m be w(24). What is the highest common divisor of m and 1610?
70
Suppose 0 = -4*f - 4*r + 4, 3*r + 1 = -2. Let l = 0 + 1. Let i be -1 + l + 2 + 8. Calculate the greatest common divisor of f and i.
2
Suppose 0 = 9*n - 262 - 170. What is the highest common factor of n and 408?
24
Suppose -2380 = -31*y - 3*y. What is the highest common factor of 2 and y?
2
Let p(u) = -u - 4. Let h be p(-3). Let x = h - -2. Let l(m) = m**3 + 5*m**2 - 5*m - 21. Let i be l(-5). Calculate the highest common factor of i and x.
1
Suppose -5*z + w + 37 = 0, 0 = -5*z - 12*w + 7*w + 55. Calculate the highest common factor of 64 and z.
8
Let r(w) = w**2 + 39*w + 365. Let a be r(-11). Calculate the greatest common divisor of a and 456.
57
Suppose 5*n + 128 = 3*v, -v - 2 + 18 = 5*n. What is the highest common factor of v and 128?
4
Let y(i) = -i**3 + 2*i - 3*i - 6*i**2 + 5 + 2 + 2*i. Let t be y(-6). Calculate the greatest common factor of 5 and t.
1
Suppose 3*r - 1115 = 775. Let o be r/(-4)*(-4)/5. Suppose -2*t + 14 = l - t, l - 14 = 4*t. Calculate the greatest common divisor of o and l.
14
Suppose -12144 = 91*y - 103*y. Calculate the greatest common factor of 44 and y.
44
Let i be 280*(3 + 1 + -3). Let y = 219 - 107. Calculate the highest common divisor of y and i.
56
Let u(x) = -x**3 + 3*x**2 + 6*x + 6. Let l be u(4). Calculate the greatest common divisor of l and 7.
7
Let c = -944 + 1063. Calculate the highest common divisor of 35 and c.
7
Suppose -60 = -6*z + 42. Let t(g) = -g**3 - 4*g**2 - 2*g + 7. Let x be t(-6). Let w = x - 57. What is the greatest common factor of w and z?
17
Suppose 2*g - 4*g = 4*m + 58, 0 = 2*m - 5*g + 11. Let j(c) = -c**2 - 14*c + 6. Let p be j(m). What is the greatest common factor of p and 171?
19
Suppose 2*r + 326 = 4*k, 8*k - 5*k - 272 = -4*r. What is the highest common divisor of k and 140?
28
Let u be (4/6)/(8/420*-5) - -151. Let r(p) = -p**2 - 7*p + 3. Let l be r(-6). What is the greatest common factor of u and l?
9
Let s(l) = -9*l + 13. Let b be s(4). Let z = -15 - b. Let v = 32 + 56. What is the greatest common factor of v and z?
8
Let d(x) = -x**2 - 4*x + 